{"id":53,"date":"2017-12-28T09:51:29","date_gmt":"2017-12-28T09:51:29","guid":{"rendered":"http:\/\/www.mantsalantalomiespalvelu.fi\/?page_id=53"},"modified":"2017-12-28T14:28:33","modified_gmt":"2017-12-28T14:28:33","slug":"kiinteistonhoito","status":"publish","type":"page","link":"http:\/\/www.mantsalantalonmiespalvelu.fi\/?page_id=53","title":{"rendered":"Kiinteist\u00f6nhoitoa"},"content":{"rendered":"<p>Hoidamme pienetkin kiinteist\u00f6t. Omakotitalojen ja kes\u00e4m\u00f6kkien kunnossapitoa.<\/p>\n<p>Meid\u00e4n kanssa voit tehd\u00e4 kertaluonteisen tai jatkuvan sopimuksen.<\/p>\n<p>Teemme esim.<\/p>\n<ul>\n<li>R\u00e4nnien tyhjennykset<\/li>\n<li>Ulkomaalaukset<\/li>\n<li>M\u00f6kkitalkkari palvelut<\/li>\n<\/ul>\n","protected":false},"excerpt":{"rendered":"<p>Hoidamme pienetkin kiinteist\u00f6t. Omakotitalojen ja kes\u00e4m\u00f6kkien kunnossapitoa. Meid\u00e4n kanssa voit tehd\u00e4 kertaluonteisen tai jatkuvan sopimuksen. Teemme esim. R\u00e4nnien tyhjennykset Ulkomaalaukset M\u00f6kkitalkkari palvelut<\/p>\n","protected":false},"author":1,"featured_media":0,"parent":96,"menu_order":0,"comment_status":"closed","ping_status":"closed","template":"","meta":{"footnotes":""},"class_list":["post-53","page","type-page","status-publish","hentry"],"_links":{"self":[{"href":"http:\/\/www.mantsalantalonmiespalvelu.fi\/index.php?rest_route=\/wp\/v2\/pages\/53","targetHints":{"allow":["GET"]}}],"collection":[{"href":"http:\/\/www.mantsalantalonmiespalvelu.fi\/index.php?rest_route=\/wp\/v2\/pages"}],"about":[{"href":"http:\/\/www.mantsalantalonmiespalvelu.fi\/index.php?rest_route=\/wp\/v2\/types\/page"}],"author":[{"embeddable":true,"href":"http:\/\/www.mantsalantalonmiespalvelu.fi\/index.php?rest_route=\/wp\/v2\/users\/1"}],"replies":[{"embeddable":true,"href":"http:\/\/www.mantsalantalonmiespalvelu.fi\/index.php?rest_route=%2Fwp%2Fv2%2Fcomments&post=53"}],"version-history":[{"count":3,"href":"http:\/\/www.mantsalantalonmiespalvelu.fi\/index.php?rest_route=\/wp\/v2\/pages\/53\/revisions"}],"predecessor-version":[{"id":90,"href":"http:\/\/www.mantsalantalonmiespalvelu.fi\/index.php?rest_route=\/wp\/v2\/pages\/53\/revisions\/90"}],"up":[{"embeddable":true,"href":"http:\/\/www.mantsalantalonmiespalvelu.fi\/index.php?rest_route=\/wp\/v2\/pages\/96"}],"wp:attachment":[{"href":"http:\/\/www.mantsalantalonmiespalvelu.fi\/index.php?rest_route=%2Fwp%2Fv2%2Fmedia&parent=53"}],"curies":[{"name":"wp","href":"https:\/\/api.w.org\/{rel}","templated":true}]}}